{"id":42,"date":"2015-10-19T16:11:22","date_gmt":"2015-10-19T14:11:22","guid":{"rendered":"http:\/\/silvanamartini.it\/?page_id=42"},"modified":"2025-04-10T10:15:23","modified_gmt":"2025-04-10T08:15:23","slug":"artista","status":"publish","type":"page","link":"https:\/\/silvanamartini.it\/index.php\/artista\/","title":{"rendered":"L&#8217;artista"},"content":{"rendered":"<p><strong>Ciao! Mi chiamo Silvana Martini e questa \u00e8 una breve descrizione della mia formazione artistica.<\/strong><\/p>\n<div class=\"one\">\n<div class=\"page_content_wrapper\">\n<div class=\"inner\">\n<hr \/>\n<p>&nbsp;<\/p>\n<p>Silvana Martini, tramite la pittura, riesce a parlare di se stessa e dare voce ai suoi sentimenti. L\u2019astrattismo \u00e8 il linguaggio visuale da lei prediletto, le forme e i segni sono la chiave in grado di aprire lo scrigno che racchiude le sue idee e, finalmente, raccontarle al mondo.<\/p>\n<p>Nata a Camerino, Silvana Martini \u00e8 sin dall\u2019infanzia attratta e affascinata dalla potenza dell\u2019arte e si approccia dunque, giovanissima, al suo studio e approfondimento.<\/p>\n<p>All\u2019inizio della sua produzione pittorica sono le figure umane, soprattutto femminili, ad essere protagoniste delle sue opere. Man mano, col passare del tempo e con il proseguire degli studi, l\u2019artista viene attratta da nuovi stili e tecniche e comincia ad ampliare il proprio repertorio con delle opere astratte.<\/p>\n<p>Silvana Martini non teme il cambiamento, bens\u00ec lo reputa una fonte di ispirazione: si rivela dunque una pittrice dalla personalit\u00e0 eclettica, in grado di rinnovarsi e riscoprirsi, spinta con curiosit\u00e0 dall\u2019interesse verso una instancabile ricerca.<\/p>\n<table width=\"100%\">\n<tbody>\n<tr>\n<td align=\"center\" width=\"50%\"><a class=\"button small center\" href=\"https:\/\/silvanamartini.it\/index.php\/category\/critics\">LEGGI I PARERI DELLA CRITICA<\/a><\/td>\n<td align=\"center\" width=\"50%\"><a class=\"button small center\" href=\"https:\/\/silvanamartini.it\/index.php\/gallerycat\/popart\">VISITA LA GALLERY<\/a><\/td>\n<\/tr>\n<\/tbody>\n<\/table>\n<p>&nbsp;<\/p>\n<table>\n<tbody>\n<tr>\n<td><img loading=\"lazy\" decoding=\"async\" class=\"aligncenter wp-image-560 size-full\" title=\"Silvana Martini, pittrice | Persa nella solitudine di un quadro\" src=\"https:\/\/silvanamartini.it\/wp-content\/uploads\/2023\/03\/WhatsApp-Image-2023-03-23-at-15.11.08.jpeg\" alt=\"Silvana Martini, pittrice\" width=\"838\" height=\"714\" \/><\/td>\n<\/tr>\n<tr>\n<td><\/td>\n<\/tr>\n<\/tbody>\n<\/table>\n<p>&nbsp;<\/p>\n<\/div>\n<\/div>\n<\/div>\n","protected":false},"excerpt":{"rendered":"<p>Ciao! Mi chiamo Silvana Martini e questa \u00e8 una breve descrizione della mia formazione artistica. &nbsp; Silvana Martini, tramite la pittura, riesce a parlare di se stessa e dare voce ai suoi sentimenti. L\u2019astrattismo \u00e8 il linguaggio visuale da lei prediletto, le forme e i segni sono la chiave in grado di aprire lo scrigno [&hellip;]<\/p>\n","protected":false},"author":2,"featured_media":560,"parent":0,"menu_order":2,"comment_status":"closed","ping_status":"closed","template":"page_r.php","meta":{"footnotes":""},"class_list":["post-42","page","type-page","status-publish","has-post-thumbnail","hentry"],"_links":{"self":[{"href":"https:\/\/silvanamartini.it\/index.php\/wp-json\/wp\/v2\/pages\/42","targetHints":{"allow":["GET"]}}],"collection":[{"href":"https:\/\/silvanamartini.it\/index.php\/wp-json\/wp\/v2\/pages"}],"about":[{"href":"https:\/\/silvanamartini.it\/index.php\/wp-json\/wp\/v2\/types\/page"}],"author":[{"embeddable":true,"href":"https:\/\/silvanamartini.it\/index.php\/wp-json\/wp\/v2\/users\/2"}],"replies":[{"embeddable":true,"href":"https:\/\/silvanamartini.it\/index.php\/wp-json\/wp\/v2\/comments?post=42"}],"version-history":[{"count":159,"href":"https:\/\/silvanamartini.it\/index.php\/wp-json\/wp\/v2\/pages\/42\/revisions"}],"predecessor-version":[{"id":901,"href":"https:\/\/silvanamartini.it\/index.php\/wp-json\/wp\/v2\/pages\/42\/revisions\/901"}],"wp:featuredmedia":[{"embeddable":true,"href":"https:\/\/silvanamartini.it\/index.php\/wp-json\/wp\/v2\/media\/560"}],"wp:attachment":[{"href":"https:\/\/silvanamartini.it\/index.php\/wp-json\/wp\/v2\/media?parent=42"}],"curies":[{"name":"wp","href":"https:\/\/api.w.org\/{rel}","templated":true}]}}